- 5))
7
(1 - -2) + -64 + 15 + 8
-38
25 + -40 - (8 + (-43 - 12))
32
6 - -2 - (-194 - -205 - (20 - 1))
16
5 + -2 + -4 + -10 + 7 - -16
12
What is the value of 0 - (-1 + 4 - 8) - (170 - 157)?
-8
Evaluate 48 + -47 + -3 + 0 - -8.
6
-8 - (-8 - (30 + -16))
14
Evaluate (0 - (9 + -4)) + -1 - (5 + -6).
-5
What is the value of (2 - 7) + 1 + -7?
-11
What is -78 + 82 - (-2 - -18)?
-12
Calculate -29 + 18 + -17 + 13.
-15
Calculate 26 + -1 + (11 - 12).
24
What is (-1 - (1 + -6) - (3 + 12)) + 1?
-10
What is 2 + -11 + 4 + 9 + -3 + -12?
-11
-5 + 0 - (36 - 13 - 15)
-13
Evaluate (6 - (1 + 6) - 5) + (-11 - -2).
-15
What is the value of 79 + -70 - (8 + -1)?
2
2 - 10 - (747 - 747 - (-15 + -1))
-24
Calculate (2 - (-7 - -14)) + 6 - -2.
3
Evaluate -11 + -5 + 7 - -2 - (1 + 0).
-8
Evaluate 61 + -56 + (1 - -18) + -2.
22
Calculate (7 - (60 + -70)) + -42 + 1.
-24
Evaluate -2 + (-37 - -19 - -11) - 27.
-36
18 + (4 - 5) - (-74 - -54)
37
Evaluate 2 - (2 + (-1 - (10 - 0))).
11
What is 0 + (-2 - -9) + (-43 - -28)?
-8
What is -8 - -2 - (482 + -472 - (0 - -33))?
17
What is the value of 11 - 0 - (25 + (-20 - -21))?
-15
-4 + -5 + 9 - (18 + (0 - 1))
-17
(4 + -1 - -2) + -55 + -24 + 37
-37
What is -11 + -3 - (1 + 0)?
-15
What is -13 + (-10 + 24 - 7)?
-6
What is the value of 34 - (-8 + 56) - -23?
9
Evaluate (1 - (-18 + 10)) + -8 - (-5 - 0).
6
8 + 38 + -20 - 31
-5
3 + (-8 - -8) + (-5 - -2) + -9
-9
Evaluate 21 - -3 - (12 + -3) - 6.
9
Calculate (2 - (-4 - 4)) + -1 + -6 + 4.
7
8 - -3 - -3 - 13
1
6 + (9 + 2 - 49 - -14)
-18
Calculate -5 - (1 - (-5 - -36)) - 7.
18
Evaluate (2 - 10 - -11) + -12 + 7.
-2
Evaluate (8 - 18) + 14 - (-8 - -1).
11
Calculate (-1 - (-1 - 0)) + (-34 - -61) + -12.
15
(10 - (15 - 8)) + -17 + 25 + -11
0
Evaluate 1 + 6 + (-7 - (-1 - 9)).
10
What is -74 + 83 - (-2 + 22) - -3?
-8
Calculate -4 - (13 + (-2 - 26)) - (-1 + 8).
4
-8 + -8 - (1 - (-3 + 3) - 8)
-9
Calculate -2 - (-14 + 23 - -4).
-15
Evaluate (-5 - (2 - 1 - -3 - 7)) + -8.
-10
What is the value of 21 - (42 - 12 - -14)?
-23
What is 2 + (6 - -11 - 19)?
0
What is the value of 42 + 11 - (14 + 19)?
20
Calculate -13 - ((-4 - -7) + -4) - (-2 - 5).
-5
What is -6 + 21 + -10 + 2 - -16?
23
(3 - 1 - -3) + (-6 - -2) + 6
7
What is the value of 7 + 29 + -36 - (2 - 0 - 19)?
17
(-4 - (2 - 9)) + 1
4
What is (-186 - -181) + -1 + 2?
-4
Calculate 3 + -66 + 15 + 13.
-35
(34 + -16 - 22) + (-1 - -9) + -7
-3
What is the value of -9 + (7 - -2) - (25 - 34)?
9
Evaluate -2 - (-9 + 4 - 2) - 16.
-11
What is (-732 - -712) + (2 - -8 - -2)?
-8
2 + 24 + (-4 - 3) - (2 - 9)
26
What is 2 - (-2 - (-2 - (0 + 1 - 2)))?
3
Calculate -3 - ((-14 - -2 - 10) + -15).
34
(-45 - -47) + (11 + -8 + 2 - 12)
-5
What is the value of (-7 + -4 - 4) + 26?
11
Calculate (1 + (5 - 7) - (-6 + 1)) + 7.
11
What is the value of -4 + -3 + 4 - (-447 + 420)?
24
Evaluate -16 + 35 + 10 + -16 + (6 - 0).
19
Calculate -44 - -20 - -7 - -21.
4
Evaluate 0 + (-12 - -1) - -15.
4
Evaluate 6 - 2 - (4 + 12).
-12
Calculate (-12 - (-19 + 10)) + 2 + 0 - 3.
-4
(18 - 15) + -15 + -3
-15
Calculate (6 - (-15 - (-5 - 1))) + 3.
18
Calculate 8 + 1 + 0 + (54 - (72 - 16)).
7
What is (-10 - (-4 - (18 - 6))) + 9?
15
What is -7 + (14 - 9) + -2 + -7?
-11
Evaluate 8 + -3 - (-9 + -3 + 6).
11
Evaluate (-54 - -59) + 25 + -20 + 1 + 3.
14
Calculate 11 + 0 + (-7 - -4) + -14.
-6
Calculate 8 + 4 - (-15 + 4 + 2).
21
Evaluate -13 - ((-12 - -4) + (24 - (0 - -6))).
-23
(-114 - -119 - (7 - -2 - -1)) + 1
-4
What is (-18 - -35) + -53 + 9?
-27
Evaluate -10 + (-8 - -4) - -13.
-1
What is -4 - (-9 + (-4 - -5 - (-3 - 4)))?
-3
Evaluate 14 + (5 - -3 - 6) + -47.
-31
(-12 - -1) + (-23 - (-26 - -14))
-22
What is the value of -9 - 0 - (-9 + 5 - 4)?
-1
Evaluate 15 + 9 + -25 - (3 - (28 + -2)).
22
What is the value of 14 + 0 - (211 + -207) - -13?
23
What is 0 - -11 - (1127 + -1100)?
-16
What is the value of -4 + 15 + -14 + -9?
-12
Evaluate -96 + 104 + 1 + -11 + 0.
-2
What is (-1 - 38) + 150 + -130?
-19
What is (-1 - -23) + -82 + 63?
3
Evaluate -5 + (-3 - -38) + -4 + 10 + -5.
31
Calculate 66 + -24 - 19 - 34.
-11
Calculate 1 - (12 - 2 - 21).
12
What is the value of (-8 + 20 - -1) + 7 + 3 + -21?
2
What is the value of (3 - 2) + 8 + 184 + -188?
5
(7 + -12 - -11) + (7 - 1)
12
What is 3 + -5 - (-51 - -37)?
12
What is 0 - -39 - (554 + -490)?
-25
What is the value of -10 + (13 - 2) - -5?
6
46 + -42 + -11 + -11
-18
What is (265 - 284) + (12 - -2)?
-5
What is (288 - 306) + (1 - 4)?
-21
What is the value of -138 - -135 - (-1 + -3 + 19)?
-18
Calculate 1 - 13 - (-464 - -467).
-15
2 - ((-11 + (-9 - -13) - -12) + -9)
6
Evaluate -23 - -13 - -19 - 14.
-5
Evaluate (-78 - -84 - (5 + -1)) + -21.
-19
(-8 - 1) + (-196 - -203)
-2
What is the value of 161 + -153 + -6 + (5 - 1) + -2?
4
What is (-13 - -4) + (-33 - -34)?
-8
What is (2 + -1 - (4 + -7 - -6)) + 12?
10
What is -20 - ((7 - 2) + -16) - -14?
5
Evaluate 7 + (14 - (3 - -6 - 1)).
13
What is the value of 22 - (-1 - (-6 + -4))?
13
11 - 11 - (1 + (2 - (0 - -5)))
2
What is the value of 5 + 144 + -133 + (-13 - -1)?
4
Calculate 8 + 2 - (-6 + -29 - -73).
-28
What is the value of (0 - (-5 + 7) - 8 - -15) + -28?
-23
Evaluate 62 - 48 - (8 + 5).
1
Calculate -15 + 4 + (25 - 14).
0
5 + 4 + -26 + 14 + 1 + 30
28
-1 + (9 - (-10 - 4))
22
(-54 - (-10 + -17)) + 14
-13
What is the value of (0 + 20 + 0 - -12) + -14?
18
Evaluate (-54 - -32 - -33) + -27.
-16
What is 10 + -6 + -2 + (2 - -3) + 1?
8
Calculate (1 - -12) + 28 + -33 + -4.
4
Evaluate (-23 - 2) + (-19 - -29).
-15
-34 + 24 - (8 - 8) - (2 - 4)
-8
Evaluate (-2 - -2) + 0 + (2 - 2) + 25.
25
-7 - -34 - 17 - 23
-13
What is the value of -12 + 22 + 1 - 11?
0
(2 - -48) + (64 - 87)
27
Evaluate 13 + -23 + (8 - 23).
-25
Calculate 10 - (2 - -4 - 5) - 3.
6
Evaluate -9 - (-19 + (42 - 12)).
-20
What is the value of (2 - 0) + 3 + -11 + (13 - 10)?
-3
Calculate (-1 - 8 - -7) + (-5 - 0) - -15.
8
What is -25 - (10 + -10 - 12)?
-13
What is the value of (10 - (1 + 2)) + (-568 - -561)?
0
1 - (-20 + -1) - (18 + 22 + -34)
16
Evaluate (4 - (-8 - -5)) + -9.
-2
What is -26 - (-51 + (-17 - -27))?
15
-5 - (-19 - (18 - 37))
-5
What is -15 - (-358 + 359 + (2 - 1))?
-17
What is 18 - (6 + (11 - 4)) - (-1 + 0)?
6
What is the value of -2 - (11 - ((-39 - -16) + 17))?
-19
Calculate (-14 - (0 + -3)) + 34.
23
Evaluate 11 + -3 + -5 - (-12 - -4).
11
9 - (5 + -7 - ((2 - 2) + 8))
19
What is the value of (9 + -19 - -6) + 11 + 0 - -3?
10
-13 - (1 + (-8 - -8) + -3) - -6
-5
What is the value of 11 - (-7 + (4 - 2) - 13)?
29
Evaluate (21 - 0 - 0) + -3 + -6 + 2.
14
8 + (5 - 4) + (-8 - -12) + -8
5
Evaluate -5 + (-11 - (-21 + -17)).
22
Calculate 3 - 2 - (3 + 17 + -15).
-4
What is the value of 101 + -27 + -32 + -16?
26
What is -1 - 8 - 1 - ((6 - 1) + -3)?
-12
-31 - (38 + -27 + -44)
2
What is the value of (4 - 3) + -5 + 4 - -4?
4
What is the value of 10 - (-3 + (-4 - 0) + 17 + -8)?
8
(18 - (-2 - -3)) + 29 + -39 + 15
22
Calculate 37 + -69 + 28 - (-17 + 0).
13
What is 10 - 0 - (10 + 6 + -7)?
1
-12 + 27 + (-13 - -16 - 5)
13
Calculate -13 + 1 + -7 + 6 + 4.
-9
What is 19 + 12 + -5 + 0 + -7?
19
Calculate -6 + 5 + -1 + -6 + -3.
-11
Evaluate -434 + 410 + (1 - -49).
26
What is 15 + -7 + -8 - (9 - (6 - 3))?
-6
-9 + -7 - -15 - -8
7
Evaluate -76 + 73 - (13 - (9 + -5)).
-12
-7 + -5 + 2 - (5 + 4 - 6)
-13
Calculate -1 + 0 + 12 - (6215 + -6209).
5
Calculate 4 + 2 + (-30 - (-24 + 5)) - -5.
0
What is the value of -30 + (-11 - (-21 + -21))?
1
Evaluate (42 - 24) + -16 + -1 + 3.
4
What is -27 + 17 - (6 - 12 - -5)?
-9
Calculate -12 + (6 - 14) + 1 + 0 + 1.
-18
Evaluate -28 - -34 - (-4 - (4 + -43 + 4)).
-25
What is -75 - -86 - (-1 + 2 + 21)?
-11
-82 + 91 + 4 + 0
13
Evaluate -2 + 2 + -1 - (11 - 9).
-3
What is the value of (-9 - 0) + (-10 - -11 - 1)?
-9
Calculate (6 - 11) + (-5 - (-5 + 2)).
-7
-1 + 2 - (-35 + 21)
15
Calculate -34 + 34 - (-6 - ((0 - 4) + 2)).
4
(-13 - (-14 - (8 - 13))) + 22
18
Calculate 37 + (9 - 33) + 12.
25
Calculate (8 - 23) + 4 + (0 - 1).
-12
2 - (-4 + (6 - (-16 + 44)))
28
What is (-8 + 46 - 17) + -8?
13
Calculate 4 + 14 + -1 + (0 - 10).
7
Evaluate -5 - -15 - (-11 + 4) - 0.
17
What is the value of -20 - (17 + -18 - 5)?
-14
What is -2 + 46 + -53 - (-1 - -12)?
-20
What is -23 + -9 + -11 + 7?
-36
What is the value of (-13 - (10 + -6) - 1) + -9?
-27
Calculate 1 + (-2 - 4) + -9 + 17 + -18.
-15
What is the value of -8 + 6 - 7 - (-7 - -3)?
-5
Wh